
In base 10, what is 2 - 480?
-478
In base 16, what is -9 + 4?
-5
In base 15, what is -347b + -2?
-347d
In base 14, what is -85 + -6?
-8b
In base 14, what is -612c + 3?
-6129
In base 13, what is -3 + ca?
c7
In base 2, what is 110 + -10010?
-1100
In base 4, what is -1 - 1200?
-1201
In base 3, what is -12110112 + 10?
-12110102
In base 16, what is 2 + 65?
67
In base 9, what is 11 - 44?
-33
In base 8, what is -3 + 575?
572
In base 10, what is -681 + 5?
-676
In base 12, what is 4b - 1?
4a
In base 12, what is -23 + 25?
2
In base 4, what is -1 - 0?
-1
In base 8, what is 6 - -23?
31
In base 8, what is -131 - -4?
-125
In base 13, what is 1aa2 - 4?
1a9b
In base 4, what is 3212 + -11?
3201
In base 10, what is -29399 + -2?
-29401
In base 13, what is -5 + 176?
171
In base 15, what is -113 - -3c?
-c6
In base 2, what is 0 - -10?
10
In base 7, what is 206 - -216?
425
In base 16, what is -5 + 10?
b
In base 6, what is 5 + -334?
-325
In base 3, what is -20 - 11?
-101
In base 6, what is 4 + 443?
451
In base 15, what is -ed - -12?
-db
In base 2, what is -1 + -10100?
-10101
In base 7, what is 114 - 16?
65
In base 7, what is 125 + 3?
131
In base 14, what is 6 + 4?
a
In base 10, what is -371 - 1?
-372
In base 7, what is -1164 - -1?
-1163
In base 13, what is 0 - -14c?
14c
In base 10, what is -1621 - 4?
-1625
In base 7, what is -21013 + 4?
-21006
In base 8, what is -3351 - 3?
-3354
In base 5, what is -22314 - -42?
-22222
In base 3, what is 22 - 2020?
-1221
In base 5, what is 123120 - 20?
123100
In base 2, what is -1010 + 101001010?
101000000
In base 6, what is 212 - 33?
135
In base 2, what is -1001011 - -1000101?
-110
In base 8, what is 11 + -146?
-135
In base 11, what is -760 - 5?
-765
In base 16, what is -da - -8?
-d2
In base 15, what is 5 - -2c8?
2cd
In base 8, what is -152 + 3?
-147
In base 15, what is 97 + -1?
96
In base 12, what is 34 + 36b?
3a3
In base 4, what is 13033 - -21?
13120
In base 12, what is 0 - 14b?
-14b
In base 12, what is 4 - 16?
-12
In base 6, what is -1 + 1222?
1221
In base 7, what is -132 + 21?
-111
In base 12, what is -60 - 27?
-87
In base 12, what is -2a + -5?
-33
In base 11, what is 1 + -47?
-46
In base 11, what is 3 - -548?
550
In base 16, what is -4 - -c8?
c4
In base 5, what is -210042 + -3?
-210100
In base 9, what is -24 - 8?
-33
In base 15, what is 2 - -254?
256
In base 16, what is 2 + -18?
-16
In base 6, what is -44 + -133?
-221
In base 14, what is 3 - -889?
88c
In base 9, what is -316 - -1?
-315
In base 5, what is -12 - 4333?
-4400
In base 11, what is -5176 - 3?
-5179
In base 13, what is -21b6 + 3?
-21b3
In base 5, what is -2002 + 0?
-2002
In base 10, what is -12 + -13?
-25
In base 14, what is -60 + -9?
-69
In base 7, what is 2 + -136?
-134
In base 2, what is 100100011 + -100?
100011111
In base 13, what is 1624 + -4?
1620
In base 10, what is -4 - 737?
-741
In base 6, what is 235 - 23?
212
In base 10, what is -1178 - -1?
-1177
In base 10, what is 1 + -62?
-61
In base 14, what is 2a5 - -1?
2a6
In base 12, what is -16 + -7?
-21
In base 3, what is -20 - 1211221?
-1212011
In base 15, what is -3 + -3cd?
-3d1
In base 8, what is 46 + -23?
23
In base 10, what is 199 - 3?
196
In base 8, what is 3 + 3265?
3270
In base 14, what is -26 + 5?
-21
In base 9, what is -2 + 58?
56
In base 2, what is 11111 + 101?
100100
In base 2, what is -11 + 10001110010?
10001101111
In base 11, what is 1 + 58?
59
In base 14, what is 4 - -33?
37
In base 14, what is -122 - 2?
-124
In base 4, what is 1031 + 21?
1112
In base 4, what is -11 + -11202?
-11213
In base 14, what is -18d + -2?
-191
In base 8, what is 3 - -1024?
1027
In base 13, what is 1 + 736?
737
In base 5, what is 23 + 11?
34
In base 12, what is 959 + 7?
964
In base 15, what is -2 - 103?
-105
In base 11, what is -488 + 2?
-486
In base 10, what is -5 + 111?
106
In base 7, what is 2061 + -20?
2041
In base 3, what is -2211 + -12?
-10000
In base 15, what is -3143 + -3?
-3146
In base 12, what is -2 - -2a2?
2a0
In base 7, what is 1022 + 0?
1022
In base 16, what is 1b9d - 1?
1b9c
In base 8, what is -4 - 400?
-404
In base 8, what is 121 + -20?
101
In base 9, what is 248 - -2?
251
In base 16, what is 1a + -3?
17
In base 7, what is 2 - -30233?
30235
In base 16, what is f8 + 15?
10d
In base 12, what is -2080 + -1?
-2081
In base 10, what is 306 + -3?
303
In base 10, what is 29 - 5?
24
In base 11, what is -2 - -7?
5
In base 14, what is -30 - -5?
-29
In base 2, what is 0 + -10011101110?
-10011101110
In base 4, what is -1 + 1?
0
In base 15, what is -1d + -14?
-32
In base 11, what is -9195 - 0?
-9195
In base 3, what is -22 - -100211?
100112
In base 2, what is -11111110101 - 1?
-11111110110
In base 13, what is -2 + 82c?
82a
In base 11, what is -88 + 5?
-83
In base 8, what is -5 - -20?
13
In base 7, what is 2 - 12?
-10
In base 15, what is 609 - -3?
60c
In base 15, what is 35 - 1?
34
In base 8, what is 3 + -126?
-123
In base 12, what is 2 - 129?
-127
In base 9, what is -2 + 273?
271
In base 11, what is 46 + 10?
56
In base 16, what is -1f - 91?
-b0
In base 10, what is -183 + 4?
-179
In base 12, what is -7 - 9?
-14
In base 6, what is 12145 + 2?
12151
In base 14, what is -2 - 5b?
-5d
In base 10, what is 32 + -153?
-121
In base 3, what is -10 - 210112?
-210122
In base 8, what is -1 + 140?
137
In base 6, what is -112 - 11?
-123
In base 2, what is -1001000 + -1000?
-1010000
In base 2, what is 1100110011 - 10?
1100110001
In base 6, what is 340 + 40?
420
In base 3, what is 2021 + -11001?
-1210
In base 11, what is -260 - -7?
-254
In base 6, what is 30 + 20?
50
In base 9, what is 78818 - -3?
78822
In base 5, what is -22200 - -1?
-22144
In base 12, what is 11 - 9?
4
In base 16, what is 1fc - -29?
225
In base 14, what is 29ad - -3?
29b2
In base 11, what is 7 + 1379?
1385
In base 15, what is -3 + 775?
772
In base 14, what is -95 + -b3?
-168
In base 6, what is 14 + -441?
-423
In base 4, what is -212 - -22?
-130
In base 3, what is 1111 - -210?
2021
In base 3, what is 1 + -10112?
-10111
In base 13, what is -21a - -2?
-218
In base 14, what is 8 - -2?
a
In base 13, what is 473 - -4?
477
In base 16, what is 55 - 4c?
9
In base 9, what is -176 + -5?
-182
In base 7, what is -6 - -10?
1
In base 5, what is 24241 + -3?
24233
In base 5, what is -3 - -122112?
122104
In base 10, what is 6 - -27?
33
In base 5, what is -4 + 234?
230
In base 6, what is -2 + 300?
254
In base 9, what is -40488 + -2?
-40501
In base 7, what is 2 - -2550?
2552
In base 15, what is -b - 48?
-54
In base 6, what is -102 + -225?
-331
In base 9, what is 3 - -4257?
4261
In base 7, what is -4 + -56?
-63
In base 5, what is 10142 - -10?
10202
In base 11, what is -81a + 6?
-814
In base 11, what is -119 + -6?
-124
In base 12, what is -b7 - 2?
-b9
In base 10, what is 2 - 761?
-759
In base 4, what is -10032 - -11?
-10021
In base 3, what is 212 - 202?
10
In base 6, what is -11 - 1030?
-1041
In base 2, what is 1101 + 111011100?
111101001
In base 2, what is 1001 + -100010?
-11001
In base 13, what is -5 + 86?
81
In base 13, what is 435 + -5?
430
In base 9, what is -12 - -1065?
1053
In base 6, what is -523 + 4?
-515
In base 12, what is -71 + -6?
-77
In base 3, what is 102 + 1211?
2020
In base 11, what is -23 - 1?
-24
In base 11, what is -1916 + -1?
-1917
In base 3, what is -111112 + 1021?
-110021
In base 11, what is 5 + 25?
2a
In base 9, what is 2 + -1063?
-1061
In base 4, what is 1 + -100?
-33
In base 12, what is 24 - 3?
21
In base 3, what is -2002 - -122?
-1110
In base 8, what is -6 + 250?
242
In base 7, what is 626 - 11?
615
In base 4, what is -100010 + -3?
-100013
In base 6, what is -43 - -113?
30
In base 11, what is -1a5 + 11?
-194
In base 14, what is 4 - -15?
19
In base 8, what is 307 + 11?
320
In base 10, what is -1 + 93?
92
In base 11, what is -12 + 1?
-11
In base 12, what is -3 - -44?
41
In base 6, what is -1132 - 0?
-1132
In base 11, what is -18 + 4?
-14
In base 15, what is 2 - -5e?
61
In base 15, what is 0 + 3b7?
3b7
In base 13, what is c1 - -1?
c2
In base 11, what is -353 + 9?
-345
In base 16, what is 1 - -38?
39
In base 6, what is -10 + -15523?
-15533
In base 14, what is 1a1 - 4?
19b
In base 12, what is 238 + -3?
235
In base 16, what is de - -d?
eb
In base 7, what is 1303 + 1?
1304
In base 2, what is -1 + -11100001?
-11100010
In base 2, what is 100 + 1000000?
1000100
In base 12, what